on factor of 7536 and 3611.
157
What is the highest common divisor of 1022 and 36568?
14
Calculate the highest common factor of 165 and 142791.
33
Calculate the greatest common factor of 1309 and 9877.
119
Calculate the highest common divisor of 538 and 65636.
538
Calculate the greatest common factor of 4238 and 741.
13
What is the greatest common divisor of 45 and 305730?
45
Calculate the highest common divisor of 643 and 1802329.
643
What is the highest common divisor of 8973 and 369?
9
Calculate the highest common divisor of 256655 and 3535.
35
What is the greatest common divisor of 13004 and 10?
2
What is the highest common factor of 72 and 118176?
24
What is the highest common factor of 18120 and 165?
15
Calculate the greatest common factor of 34 and 13381176.
34
What is the greatest common divisor of 61 and 4423659?
61
What is the highest common factor of 48124 and 9534?
454
Calculate the highest common factor of 12426 and 3895.
19
Calculate the highest common factor of 9960 and 60.
60
Calculate the greatest common divisor of 49248 and 1585056.
1824
What is the highest common factor of 6213 and 2432?
19
Calculate the highest common factor of 1850 and 149350.
50
What is the highest common factor of 6171 and 9163?
187
Calculate the greatest common divisor of 62356 and 17612.
476
What is the highest common divisor of 74886 and 77?
7
Calculate the greatest common factor of 1176679 and 428.
107
What is the highest common factor of 485641 and 91?
13
Calculate the highest common factor of 534 and 192.
6
What is the highest common factor of 480 and 40160?
160
Calculate the greatest common divisor of 13348 and 1128.
188
Calculate the greatest common factor of 336072 and 152.
152
What is the greatest common divisor of 52722 and 9657?
261
Calculate the greatest common factor of 4612 and 13.
1
Calculate the highest common divisor of 409616 and 288.
16
What is the highest common divisor of 7492 and 52?
4
What is the greatest common factor of 29375 and 28125?
625
Calculate the highest common factor of 2323 and 178366.
101
Calculate the highest common factor of 7623 and 1815.
363
Calculate the highest common divisor of 54487 and 1133.
103
Calculate the greatest common divisor of 45 and 42435.
45
What is the highest common divisor of 140292 and 492?
12
Calculate the greatest common divisor of 455 and 5425.
35
What is the highest common factor of 192 and 3314048?
64
What is the highest common divisor of 93 and 421321?
31
What is the highest common divisor of 321843 and 33?
3
What is the greatest common factor of 276 and 17868?
12
Calculate the highest common divisor of 42551 and 17.
17
What is the highest common factor of 31420 and 60?
20
What is the greatest common factor of 565267 and 697?
697
Calculate the highest common factor of 1016 and 16637.
127
Calculate the highest common divisor of 2191 and 539.
7
What is the highest common factor of 80763 and 3?
3
What is the greatest common factor of 8 and 11212?
4
Calculate the greatest common factor of 1193075 and 325.
325
What is the highest common divisor of 2940 and 52500?
420
What is the highest common divisor of 2 and 5363?
1
Calculate the highest common divisor of 5704 and 3038.
62
What is the highest common divisor of 105712 and 16?
16
Calculate the greatest common factor of 198540 and 40.
20
Calculate the highest common divisor of 17568 and 75396.
732
What is the highest common factor of 511854 and 84?
42
What is the highest common factor of 927 and 81061?
103
What is the greatest common divisor of 4235791 and 7?
7
Calculate the greatest common divisor of 177862 and 904.
226
What is the highest common factor of 12 and 133044?
12
Calculate the greatest common divisor of 35 and 740131.
7
What is the highest common factor of 4175 and 81162?
167
Calculate the greatest common divisor of 285 and 35283.
57
Calculate the greatest common factor of 238932 and 108.
36
What is the highest common divisor of 1892 and 2175284?
172
Calculate the greatest common factor of 1318182 and 746.
746
Calculate the highest common factor of 13040 and 592.
16
What is the highest common factor of 1808 and 11712?
16
What is the highest common factor of 2624 and 428614?
82
What is the greatest common factor of 49933 and 1058?
23
Calculate the highest common divisor of 86281 and 26.
13
What is the greatest common divisor of 4290 and 310?
10
What is the highest common divisor of 895964 and 228?
76
What is the highest common factor of 2800 and 2900?
100
Calculate the highest common divisor of 26245 and 580.
145
Calculate the greatest common divisor of 92897 and 161.
161
What is the highest common divisor of 18828 and 792?
36
Calculate the greatest common divisor of 714406 and 3234.
154
Calculate the highest common factor of 4310 and 90.
10
Calculate the highest common factor of 127787 and 33.
11
What is the greatest common factor of 52 and 2022332?
52
What is the highest common factor of 598 and 4353739?
299
Calculate the greatest common divisor of 31926 and 221.
17
Calculate the greatest common factor of 130832 and 68.
68
What is the highest common divisor of 2585 and 441595?
55
Calculate the highest common divisor of 1084523 and 11.
11
Calculate the highest common divisor of 7 and 3805.
1
Calculate the highest common divisor of 4213 and 88.
11
Calculate the highest common divisor of 52194 and 12.
6
Calculate the highest common factor of 139 and 169997.
139
What is the highest common divisor of 1142587 and 68?
17
Calculate the greatest common factor of 111 and 111703.
37
What is the highest common divisor of 100320 and 990?
330
What is the highest common divisor of 278690 and 58?
58
Calculate the highest common divisor of 12939 and 2451.
57
What is the greatest common divisor of 118 and 930194?
118
What is the greatest common divisor of 19 and 19433?
1
What is the greatest common divisor of 248193 and 13156?
253
Calculate the greatest common factor of 491 and 30839219.
491
Calculate the highest common divisor of 20 and 2636.
4
What is the greatest common divisor of 259 and 463351?
259
What is the greatest common factor of 941 and 55?
1
What is the greatest common factor of 18 and 406449?
9
Calculate the greatest common divisor of 1515 and 2021919.
303
What is the highest common divisor of 59176 and 104?
104
Calculate the greatest common factor of 662 and 3326.
2
What is the highest common factor of 1995219 and 54?
27
What is the greatest common divisor of 38394 and 6794?
158
Calculate the greatest common divisor of 6634 and 320786.
214
Calculate the greatest common factor of 1595515 and 43.
43
What is the highest common factor of 67710 and 1020?
30
Calculate the highest common factor of 17 and 183787.
17
Calculate the highest common divisor of 9 and 1352.
1
Calculate the greatest common divisor of 361 and 232864.
19
Calculate the greatest common divisor of 3624 and 8136.
24
What is the greatest common divisor of 4672 and 70664?
584
What is the highest common factor of 75968 and 16?
16
Calculate the highest common divisor of 85 and 26717540.
85
What is the highest common factor of 626 and 6?
2
Calculate the greatest common factor of 4900 and 413070.
490
Calculate the greatest common factor of 229061 and 1505.
301
What is the greatest common divisor of 991440 and 30?
30
Calculate the highest common factor of 984 and 339972.
492
Calculate the highest common factor of 4926 and 1242.
6
What is the greatest common divisor of 4511 and 1781?
13
What is the greatest common factor of 1252917 and 6896?
431
Calculate the greatest common factor of 1604 and 60551.
401
Calculate the highest common divisor of 232 and 24070.
58
Calculate the greatest common factor of 58089 and 1445.
289
What is the greatest common factor of 46548 and 216?
108
Calculate the highest common factor of 434 and 2914.
62
Calculate the greatest common divisor of 600 and 496.
8
Calculate the greatest common divisor of 85260 and 7980.
420
Calculate the highest common divisor of 99 and 49095.
9
What is the greatest common divisor of 913583 and 506?
253
What is the highest common divisor of 232 and 104?
8
What is the greatest common factor of 405 and 592125?
15
Calculate the greatest common divisor of 28 and 12026.
14
What is the greatest common divisor of 5568 and 258?
